s of 13814939?
13814939
What are the prime factors of 1573612?
2, 393403
List the prime factors of 1610707.
7, 230101
List the prime factors of 2284223.
2284223
What are the prime factors of 304487?
17, 17911
List the prime factors of 2173501.
11, 17, 59, 197
List the prime factors of 108022.
2, 54011
What are the prime factors of 18626670?
2, 3, 5, 67, 3089
List the prime factors of 2797738.
2, 283, 4943
What are the prime factors of 167155?
5, 101, 331
List the prime factors of 5038239.
3, 17, 223, 443
What are the prime factors of 3971077?
11, 47, 7681
List the prime factors of 640169.
17, 37657
List the prime factors of 284729.
284729
What are the prime factors of 1087320?
2, 3, 5, 13, 17, 41
What are the prime factors of 1963070?
2, 5, 196307
List the prime factors of 956079.
3, 41, 2591
List the prime factors of 6408.
2, 3, 89
List the prime factors of 826397.
11, 13, 5779
List the prime factors of 2088547.
2088547
What are the prime factors of 185787?
3, 7, 983
List the prime factors of 1884988.
2, 7, 23, 2927
List the prime factors of 1329442.
2, 47, 14143
List the prime factors of 3635652.
2, 3, 302971
What are the prime factors of 364165?
5, 173, 421
List the prime factors of 42124728.
2, 3, 1755197
List the prime factors of 158699.
158699
List the prime factors of 884458.
2, 442229
What are the prime factors of 264624?
2, 3, 37, 149
What are the prime factors of 97896?
2, 3, 4079
List the prime factors of 616659.
3, 205553
List the prime factors of 2201134.
2, 13, 84659
What are the prime factors of 5743689?
3, 7, 479, 571
List the prime factors of 12256603.
139, 88177
What are the prime factors of 89578?
2, 44789
What are the prime factors of 427905?
3, 5, 37, 257
What are the prime factors of 12185225?
5, 13, 37493
What are the prime factors of 3109320?
2, 3, 5, 2879
List the prime factors of 6196489.
13, 19, 25087
List the prime factors of 6970058.
2, 23, 151523
What are the prime factors of 633190?
2, 5, 23, 2753
What are the prime factors of 29713923?
3, 37, 89231
What are the prime factors of 1359026?
2, 53, 12821
What are the prime factors of 1081733?
1081733
List the prime factors of 126104.
2, 11, 1433
List the prime factors of 3778753.
11, 47, 7309
List the prime factors of 81116.
2, 7, 2897
What are the prime factors of 236673?
3, 26297
What are the prime factors of 727789?
23, 31643
What are the prime factors of 13596345?
3, 5, 7, 17, 2539
List the prime factors of 78573.
3, 11, 2381
List the prime factors of 611966.
2, 17, 41, 439
What are the prime factors of 3209598?
2, 3, 7, 1213
List the prime factors of 1588444.
2, 11, 13, 2777
List the prime factors of 18284.
2, 7, 653
What are the prime factors of 22951030?
2, 5, 2295103
List the prime factors of 11621585.
5, 2324317
What are the prime factors of 135682?
2, 179, 379
What are the prime factors of 422887?
53, 79, 101
List the prime factors of 314072.
2, 11, 43, 83
List the prime factors of 31975524.
2, 3, 7, 223, 569
List the prime factors of 27207787.
3221, 8447
What are the prime factors of 6740707?
6740707
List the prime factors of 505260.
2, 3, 5, 7, 401
List the prime factors of 1031366.
2, 7, 23, 3203
What are the prime factors of 974203?
677, 1439
What are the prime factors of 28216890?
2, 3, 5, 13, 8039
What are the prime factors of 6557886?
2, 3, 17, 29, 739
List the prime factors of 407503.
407503
What are the prime factors of 470826?
2, 3, 8719
List the prime factors of 2689512.
2, 3, 7, 2287
What are the prime factors of 3600025?
5, 11, 13, 19, 53
What are the prime factors of 2102809?
2102809
What are the prime factors of 1049960?
2, 5, 26249
What are the prime factors of 2213121?
3, 31, 53, 449
What are the prime factors of 2410060?
2, 5, 120503
What are the prime factors of 572779?
29, 19751
What are the prime factors of 2267774?
2, 31, 79, 463
List the prime factors of 260774.
2, 23, 5669
What are the prime factors of 192446?
2, 96223
What are the prime factors of 10445342?
2, 5222671
List the prime factors of 104817.
3, 34939
List the prime factors of 667944.
2, 3, 9277
What are the prime factors of 116438?
2, 7, 8317
What are the prime factors of 19076053?
37, 163, 3163
List the prime factors of 20186912.
2, 630841
List the prime factors of 76917.
3, 25639
List the prime factors of 655239.
3, 13, 53, 317
What are the prime factors of 962785?
5, 192557
List the prime factors of 519676.
2, 129919
List the prime factors of 4782308.
2, 31, 38567
List the prime factors of 5740633.
5740633
List the prime factors of 602088.
2, 3, 25087
List the prime factors of 123949.
7, 17707
What are the prime factors of 104508?
2, 3, 2903
What are the prime factors of 329890?
2, 5, 11, 2999
What are the prime factors of 4201687?
7, 600241
List the prime factors of 23476723.
19, 41, 30137
List the prime factors of 4593731.
599, 7669
List the prime factors of 17220907.
11, 881, 1777
List the prime factors of 1470574.
2, 7, 23, 4567
What are the prime factors of 24601015?
5, 4920203
What are the prime factors of 1820912?
2, 73, 1559
What are the prime factors of 648759?
3, 29, 7457
List the prime factors of 652376.
2, 81547
List the prime factors of 1749099.
3, 11, 53003
List the prime factors of 455516.
2, 263, 433
What are the prime factors of 400301?
11, 151, 241
List the prime factors of 8704025.
5, 11, 31, 1021
List the prime factors of 5315079.
3, 7, 11, 19, 173
List the prime factors of 1103424.
2, 3, 7, 821
What are the prime factors of 5158654?
2, 97, 26591
List the prime factors of 1363308.
2, 3, 103, 1103
What are the prime factors of 2688148?
2, 23, 61, 479
List the prime factors of 3114680.
2, 5, 77867
What are the prime factors of 4897945?
5, 13, 75353
List the prime factors of 159982.
2, 41, 1951
What are the prime factors of 10615261?
10615261
What are the prime factors of 2134307?
7, 304901
What are the prime factors of 5332098?
2, 3, 888683
List the prime factors of 182890.
2, 5, 18289
List the prime factors of 352416.
2, 3, 3671
What are the prime factors of 6130?
2, 5, 613
What are the prime factors of 1587065?
5, 131, 2423
What are the prime factors of 8089171?
31, 260941
What are the prime factors of 5928551?
19, 312029
What are the prime factors of 194186?
2, 151, 643
What are the prime factors of 265511?
265511
What are the prime factors of 12250548?
2, 3, 67, 1693
What are the prime factors of 306962?
2, 31, 4951
List the prime factors of 442397.
442397
What are the prime factors of 4947778?
2, 11, 239, 941
What are the prime factors of 3755103?
3, 11, 19, 53, 113
List the prime factors of 70964.
2, 113, 157
What are the prime factors of 4921788?
2, 3, 410149
What are the prime factors of 1254837?
3, 418279
What are the prime factors of 784706?
2, 13, 30181
What are the prime factors of 2011627?
17, 241, 491
List the prime factors of 6752891.
6752891
What are the prime factors of 358948?
2, 19, 4723
List the prime factors of 79155.
3, 5, 1759
What are the prime factors of 9846?
2, 3, 547
What are the prime factors of 91057?
23, 37, 107
What are the prime factors of 15765352?
2, 83, 23743
What are the prime factors of 1047667?
1047667
List the prime factors of 755302.
2, 41, 61, 151
List the prime factors of 816348.
2, 3, 13, 5233
List the prime factors of 1314310.
2, 5, 131431
What are the prime factors of 1763279?
7, 251897
What are the prime factors of 1033210?
2, 5, 277, 373
What are the prime factors of 98840?
2, 5, 7, 353
What are the prime factors of 4239730?
2, 5, 11, 38543
What are the prime factors of 10385010?
2, 3, 5, 12821
What are the prime factors of 3734632?
2, 11, 31, 37
What are the prime factors of 1600176?
2, 3, 17, 37, 53
List the prime factors of 19884627.
3, 7, 23, 13723
What are the prime factors of 292538?
2, 107, 1367
List the prime factors of 961450.
2, 5, 7, 41, 67
List the prime factors of 2792092.
2, 61, 11443
List the prime factors of 971751.
3, 11, 2677
What are the prime factors of 15678?
2, 3, 13, 67
What are the prime factors of 103660?
2, 5, 71, 73
List the prime factors of 3755513.
3755513
List the prime factors of 2188599.
3, 7, 89, 1171
List the prime factors of 1751633.
13, 134741
List the prime factors of 2269439.
2269439
What are the prime factors of 591075?
3, 5, 37, 71
What are the prime factors of